is the highest common factor of 32 and t?
8
Let j = 276 - 153. Suppose -2*q - 56 = -8. Let i = q + j. What is the highest common factor of i and 9?
9
Let b = 43 - 31. Let v = -6 - -8. Suppose -4*c + v*c = 4*w - 114, -2*w + 2*c + 66 = 0. What is the greatest common factor of w and b?
6
Let v = -1 + -4. Let f be (v + 27)/((-2)/(-9)). What is the greatest common factor of f and 9?
9
Suppose -4*k - 2*k = -216. Calculate the greatest common divisor of 4 and k.
4
Let q be ((-6)/(-12))/(0 - (-2)/148). Calculate the highest common factor of 407 and q.
37
Let f be (-7)/(14/8) - -12. What is the greatest common divisor of 64 and f?
8
Let d be -2 - -6 - (-72)/2. Calculate the greatest common divisor of 100 and d.
20
Let d(z) = 9*z**2 + 3*z + 2. Let o be d(-2). Let w = o + -8. Calculate the greatest common divisor of w and 48.
24
Let n(w) be the third derivative of -25*w**4/12 - w**3/6 + 3*w**2. Let t be n(-1). Calculate the highest common divisor of 7 and t.
7
Suppose 3*n = 0, -3*z - 111 - 3 = 2*n. Let p = -14 - z. Calculate the highest common divisor of p and 16.
8
Let i(o) = o**2 - 7*o + 1. Let p be i(7). Let l be p/(-4) + 154/8. Let t(x) = -50*x - 5. Let u be t(-2). Calculate the highest common divisor of u and l.
19
Suppose t + t - 14 = 0. Suppose 0 = -i + 11 - t. Calculate the highest common factor of i and 44.
4
Suppose 0 = -j - 2*j + 4*f + 244, -3*f + 90 = j. Calculate the greatest common divisor of 21 and j.
21
Let c(q) = 7*q + 1. Let j be c(1). Suppose -4*p = -8*p + j. Suppose 0 = 5*w - 2*i - 90, 0*w + 3*i = p*w - 47. What is the greatest common factor of w and 32?
16
Let t = -1 - 2. Let w(q) = 13*q**2 + 4*q + 3. Let c be w(t). Calculate the greatest common factor of c and 12.
12
Suppose 0 = 5*h + 2*w - 1462, -3*h - 27 = -4*w - 925. Calculate the greatest common factor of 42 and h.
42
Let l(d) be the second derivative of 5*d**3/6 - 13*d**2/2 - 6*d. Let j be l(7). What is the greatest common divisor of 2 and j?
2
Suppose 26 + 1 = -r. Let l = 91 + r. Suppose -5*i + l = k, 3*i + 0*k - 48 = -3*k. What is the highest common factor of i and 30?
6
Suppose -2*f + 0*l - 4*l = -306, -4*l = f - 161. Calculate the greatest common divisor of f and 29.
29
Let o be 4 + (-5 - (3 + -6)). Suppose o = -3*q + 8. Suppose -6 = -0*v - 2*v. What is the greatest common divisor of q and v?
1
Let s(j) = j**3 - 7*j**2 + 5*j - 1. Let m be s(6). Let n(i) = -8*i + 11 + 2 - 3. Let k be n(m). What is the highest common factor of 6 and k?
6
Suppose -2 = -h, -2*q - 45*h = -50*h - 22. Let a be (-6)/(-4)*(-4)/(-3). Calculate the highest common divisor of q and a.
2
Let g(l) = -l + 9. Let o be g(0). Let v be (792/(-20))/(4/(-10)). Calculate the greatest common divisor of v and o.
9
Suppose 74 = 3*x + 4*j, -5*x + 4*x + 22 = 2*j. What is the highest common factor of x and 90?
30
Let t(b) = b + 13. Let h be t(-10). Let z(g) = g**3 - 9*g**2 + 9*g - 5. Let c be z(8). Calculate the greatest common divisor of h and c.
3
Let a(b) = 6*b - 12. Let r be a(10). What is the greatest common factor of r and 16?
16
Let j = 1 + 0. Let u(g) = -g**3 - 7*g**2 - 5*g + 1. Let y be u(-6). Let p be 10/y - (-11)/j. What is the greatest common factor of 9 and p?
9
Let b be (1/(6/(-4)))/(4/(-30)). Calculate the greatest common factor of 20 and b.
5
Let j(d) = -d**2 - 3*d - 3*d**2 + 5*d**2. Let t be j(4). Suppose 26*r = 29*r - 48. What is the greatest common divisor of t and r?
4
Suppose 10*s - 21 = 7*s. What is the highest common divisor of s and 28?
7
Let d be (-9)/6*(-4)/3. Suppose 5*s = 2*x - 37, 2*s = x - d*x + 5. Calculate the highest common factor of x and 22.
11
Suppose -3*y + 68 = 4*m + y, 0 = -2*m + 3*y + 19. Suppose 2*o + 88 = 2*r, -15 = 5*o - 5. Calculate the highest common divisor of r and m.
14
Let i be (0/3 - -9)*4/12. Calculate the greatest common factor of i and 30.
3
Suppose -4*k + 580 - 220 = 0. Suppose 0 = -2*n - n + k. Calculate the greatest common factor of n and 12.
6
Let i = 16 - 8. Calculate the greatest common divisor of i and 40.
8
Let a(q) = -q**2 - 22*q + 11. Let j be a(-22). Calculate the highest common factor of j and 33.
11
Let x = 30 - -69. Calculate the highest common divisor of 33 and x.
33
Let m = 6 - -2. Let q(r) = r - 6. Let v be q(m). Calculate the greatest common factor of 8 and v.
2
Let t be 63/6 + (-2)/(-4). Let l = -103 + 224. What is the greatest common divisor of t and l?
11
Suppose 0 = 3*h - 4*g - 49 - 22, -g = -4*h + 99. Calculate the highest common divisor of 100 and h.
25
Suppose 2*s = -4*p - 4, -2*p - 1 = 3*s - p. Suppose 4*n - 70 = 3*m, 2*n + s*n + 4*m - 24 = 0. Calculate the greatest common factor of n and 8.
8
Suppose -7 = c - 25. Suppose -u + 9 = -n, u - 14 = -2*n + 4*n. Suppose 2*k = 2*b + 394, 2*b - 196 = -k + u*b. What is the highest common divisor of k and c?
18
Suppose 0 = -5*a + k + 35, 3*a = -k - 10 + 39. What is the highest common factor of 2 and a?
2
Let y be -5 - (-2)/((-4)/(-70)). What is the greatest common factor of y and 10?
10
Suppose -3*p = -2*t - 40, -3*t + 76 = -0*p + 4*p. What is the highest common divisor of 128 and p?
16
Let z be -3 - ((-1)/(-1) + 2 + -7). Calculate the greatest common divisor of 3 and z.
1
Let u = 6 - -58. What is the highest common divisor of u and 16?
16
Suppose -4*x + 88 = -0*x. Let m(v) = -v - 15. Let h be m(0). Let z = h - -26. Calculate the greatest common divisor of z and x.
11
Let d(t) = 3*t**2 - 3*t - 12. Let r be d(5). What is the greatest common factor of 18 and r?
6
Suppose 0 = -2*c - 0*c - 20. Let n be (-1 + 3)*(-15)/c. What is the highest common divisor of 24 and n?
3
Suppose 4*s + 12 = 0, 2*v + s = v + 12. What is the greatest common factor of v and 75?
15
Let a = 54 - 50. What is the highest common divisor of 8 and a?
4
Let q be (-80)/(-45) + -2 + (-218)/(-9). Let b(c) = -8*c - 4. Let x be b(-5). What is the highest common factor of x and q?
12
Suppose -3*n - h + 112 + 6 = 0, 0 = -5*n + 5*h + 210. Calculate the highest common factor of n and 5.
5
Suppose 5*g + 95 = 5*q - 55, q - 5*g - 50 = 0. What is the greatest common factor of q and 50?
25
Let l = 29 + -10. Let r be 3*1*76/6. Suppose -r = 3*t - 5*t. What is the highest common divisor of l and t?
19
Let u = 2 + 5. Let o = -5 + u. Let w be -38*o*(-18)/8. What is the highest common divisor of 19 and w?
19
Let a(g) = g**2 - g - 28. Let z be a(-13). Calculate the highest common factor of 22 and z.
22
Suppose 25*r = 24*r + 6. What is the highest common divisor of 3 and r?
3
Let z(r) = r**3 + 7*r**2 + 6*r + 5. Let m be z(-6). Suppose 2*l - 6*l - 160 = -4*x, -3*x + 2*l + 125 = 0. What is the highest common divisor of m and x?
5
Let w(u) = -8*u**2 + u - 2. Let h(j) = 7*j**2 - j + 2. Let t(x) = 4*h(x) + 3*w(x). Let b be t(2). Calculate the greatest common factor of 64 and b.
16
Let r(k) = -3*k**3 + 2*k**2 + k. Let d be r(-4). Let u = 5 + 15. Calculate the greatest common divisor of u and d.
20
Suppose k = 5*x - 7 + 1, k - 14 = -5*x. Suppose -369 = -x*z + 27. Calculate the highest common divisor of 22 and z.
22
Suppose 5*m - 4*f = -3, -5*f + 10 + 0 = 0. Let i = 9 - m. What is the highest common divisor of 8 and i?
8
Let v(m) = -18*m - 66. Let z be v(-8). Suppose 17 = y - 2*o, -y + 3*y - 3*o - 34 = 0. Let q = -4 + y. Calculate the greatest common factor of z and q.
13
Suppose 0 = 3*b - 6, 4*b - 2*b = 4*y + 88. Let h = -3 - y. Let m be (5/2)/(1/h). What is the greatest common factor of 15 and m?
15
Let w be 12*(1 - -1)/6. Calculate the greatest common factor of 4 and w.
4
Let z(f) = f**2 + f + 1. Suppose 4*m + 4 = 2*g, 0*g - 10 = -4*m - 5*g. Let h be z(m). What is the highest common divisor of h and 5?
1
Suppose 0 = -5*r + 4*i + 31, 2*r + 5*i + 30 = 7*r. Let g = 10 - r. Let v be g/(27/(-15) - -2). What is the highest common factor of v and 10?
5
Let j(m) = 4*m**2 - 3*m + 1. Let z be j(3). Suppose -226 = -2*d - z. What is the greatest common divisor of 11 and d?
11
Let x(s) = s**3 - 11*s**2 + s - 9. Let t be x(11). Suppose -5*d + t*f = -354, 2*d = -0*d + 5*f + 150. What is the highest common divisor of d and 14?
14
Let r(k) = k**2 + k + 9. Let f be r(-3). What is the highest common divisor of 135 and f?
15
Let w(h) = -h + 7. Let u be w(5). Suppose -4 = 4*s, -x + 13 = -u*s + 2. Let t be (-20)/11 - -2 - (-36)/44. What is the highest common factor of x and t?
1
